{"id":158,"date":"2020-05-31T19:08:03","date_gmt":"2020-05-31T17:08:03","guid":{"rendered":"http:\/\/amphibiantails.fr\/?page_id=158"},"modified":"2022-01-22T23:35:51","modified_gmt":"2022-01-22T22:35:51","slug":"la-salle-des-aquariums","status":"publish","type":"page","link":"https:\/\/amphibiantails.fr\/?page_id=158","title":{"rendered":"La salle des aquariums"},"content":{"rendered":"\n<p class=\"has-text-align-left\">La mise en place d&rsquo;une pi\u00e8ce d\u00e9di\u00e9e \u00e0 mes urod\u00e8les s&rsquo;est faite en 2016. La pi\u00e8ce ma\u00eetresse est bien s\u00fbr une batterie compos\u00e9e de 3 aquariums de 120x40x40 cm issue d&rsquo;une animalerie qui fermait boutique. Sa fonction principale est de servir de quarantaine et de bacs de grossissements. L&rsquo;aquarium le plus en hauteur est d\u00e9di\u00e9 \u00e0 la reproduction des h.orientalis en hiver. \u00c0 l&rsquo;arri\u00e8re, il y a un syst\u00e8me permettant de faire les changements d&rsquo;eau plus facilement mais la pompe qui est sens\u00e9e envoyer l&rsquo;eau dans des bacs de r\u00e9cup\u00e9ration d&rsquo;eau de pluie n&rsquo;est pas encore install\u00e9e.<\/p>\n\n\n\n<section id=\"section-080a2d77-d67c-41fe-9069-6f8832910e94\" class=\"wp-block-gutentor-image-slider gutentor-section gutentor-image-slider imageSlider-template1\"><div class=\"gutentor-block-header\"><div class=\"gutentor-section-title enable-title-design seperator-bottom text-left\"><h4 class=\"gutentor-title\">\u00c9volution et plan de la batterie<\/h4><\/div><\/div><div class=\"gutentor-grid-item-wrap\"><div class=\"gutentor-slider-wrapper\" data-dots=\"true\" data-dots-tablet=\"false\" data-dots-mobile=\"false\" data-arrows=\"true\" data-arrows-tablet=\"false\" data-arrows-mobile=\"false\" data-infinite=\"false\" data-nextarrow=\"fas fa-angle-right\" data-prevarrow=\"fas fa-angle-left\" data-autoplay=\"true\" data-autoplayspeed=\"1831\" data-blockimagesliderfade=\"false\" data-speed=\"1831\"><div class=\"gutentor-slider-item\"><div class=\"gutentor-single-item gutentor-single-item-0\"><div class=\"gutentor-single-item-wrap\"><div class=\"gutentor-single-item-image-box\"><div class=\"gutentor-image-thumb\"><img class=\"normal-image\" src=\"http:\/\/amphibiantails.fr\/wp-content\/uploads\/2021\/12\/IMG_9949-e1640104315868.jpg\" alt=\"\"\/><\/div><\/div><\/div><\/div><\/div><div class=\"gutentor-slider-item\"><div class=\"gutentor-single-item gutentor-single-item-1\"><div class=\"gutentor-single-item-wrap\"><div class=\"gutentor-single-item-image-box\"><div class=\"gutentor-image-thumb\"><img class=\"normal-image\" src=\"http:\/\/amphibiantails.fr\/wp-content\/uploads\/2021\/12\/IMG_9950.jpg\" alt=\"\"\/><\/div><\/div><\/div><\/div><\/div><div class=\"gutentor-slider-item\"><div class=\"gutentor-single-item gutentor-single-item-2\"><div class=\"gutentor-single-item-wrap\"><div class=\"gutentor-single-item-image-box\"><div class=\"gutentor-image-thumb\"><img class=\"normal-image\" src=\"http:\/\/amphibiantails.fr\/wp-content\/uploads\/2021\/12\/aqua210-e1640104360734.png\" alt=\"\"\/><\/div><\/div><\/div><\/div><\/div><div class=\"gutentor-slider-item\"><div class=\"gutentor-single-item gutentor-single-item-3\"><div class=\"gutentor-single-item-wrap\"><div class=\"gutentor-single-item-image-box\"><div class=\"gutentor-image-thumb\"><img class=\"normal-image\" src=\"http:\/\/amphibiantails.fr\/wp-content\/uploads\/2021\/12\/IMG_0261.jpg\" alt=\"\"\/><\/div><\/div><\/div><\/div><\/div><div class=\"gutentor-slider-item\"><div class=\"gutentor-single-item gutentor-single-item-4\"><div class=\"gutentor-single-item-wrap\"><div class=\"gutentor-single-item-image-box\"><div class=\"gutentor-image-thumb\"><img class=\"normal-image\" src=\"http:\/\/amphibiantails.fr\/wp-content\/uploads\/2021\/12\/IMG_9987.jpg\" alt=\"\"\/><\/div><\/div><\/div><\/div><\/div><\/div><\/div><\/section>\n\n\n\n<p class=\"has-text-align-left\">Il y a \u00e9galement 2 autres aquariums sur des meubles de 100x40x40. L&rsquo;un h\u00e9bergeant des axolotls et l&rsquo;autre des tritons \u00e0 ventre de feu (hypselotriton orientalis). Pour celui des tritons, il y a aussi 2 terrariums de 30x30x30cm pour mes tritons juv\u00e9niles terrestres.<\/p>\n\n\n\n<section id=\"section-02fbd1df-b08f-4b70-84f1-654ad469a0ba\" class=\"wp-block-gutentor-gallery gutentor-section gutentor-gallery gutentor-gallery-wrapper enable-masonry gallery-template1\"><div class=\"grid-container\"><div class=\"grid-row gutentor-grid-item-wrap full-width-row\"><div class=\"gutentor-gallery-item grid-lg-4 grid-md-4 grid-12\"><div class=\"gutentor-single-item gutentor-image gutentor-single-item-0\"><div class=\"gutentor-gallery-item-wrap\"><div class=\"gutentor-single-item-image-box\"><div class=\"gutentor-image-thumb\"><img class=\"normal-image\" src=\"http:\/\/amphibiantails.fr\/wp-content\/uploads\/2021\/12\/IMG_9986.jpg\" alt=\"\"\/><\/div><\/div><div class=\"gutentor-single-item-content\"><div class=\"gutentor-gallery-item-header\"><a href=\"http:\/\/amphibiantails.fr\/wp-content\/uploads\/2021\/12\/IMG_9986.jpg\" class=\"image-gallery\"><i class=\"gallery-icon fas fa-search\"><\/i><\/a><\/div><div class=\"gutentor-gallery-item-desc\"><p class=\"gutentor-single-item-desc\">L&rsquo;aquarium des axolotls \u00e9quip\u00e9 d&rsquo;un groupe froid. (2017)<\/p><\/div><\/div><\/div><\/div><\/div><div class=\"gutentor-gallery-item grid-lg-4 grid-md-4 grid-12\"><div class=\"gutentor-single-item gutentor-image gutentor-single-item-1\"><div class=\"gutentor-gallery-item-wrap\"><div class=\"gutentor-single-item-image-box\"><div class=\"gutentor-image-thumb\"><img class=\"normal-image\" src=\"http:\/\/amphibiantails.fr\/wp-content\/uploads\/2021\/12\/aquatriton2021.jpg\" alt=\"\"\/><\/div><\/div><div class=\"gutentor-single-item-content\"><div class=\"gutentor-gallery-item-header\"><a href=\"http:\/\/amphibiantails.fr\/wp-content\/uploads\/2021\/12\/aquatriton2021.jpg\" class=\"image-gallery\"><i class=\"gallery-icon fas fa-search\"><\/i><\/a><\/div><div class=\"gutentor-gallery-item-desc\"><p class=\"gutentor-single-item-desc\">L&rsquo;aquarium des h.orientalis (2021)<\/p><\/div><\/div><\/div><\/div><\/div><\/div><\/div><\/section>\n","protected":false},"excerpt":{"rendered":"<p>La mise en place d&rsquo;une pi\u00e8ce d\u00e9di\u00e9e \u00e0 mes urod\u00e8les s&rsquo;est faite en 2016. La pi\u00e8ce ma\u00eetresse est bien s\u00fbr une batterie compos\u00e9e de 3 aquariums de 120x40x40 cm issue d&rsquo;une animalerie qui fermait boutique. Sa fonction principale est de servir de quarantaine et de bacs de grossissements. L&rsquo;aquarium le plus en hauteur est d\u00e9di\u00e9 [&hellip;]<\/p>\n","protected":false},"author":1,"featured_media":0,"parent":0,"menu_order":0,"comment_status":"closed","ping_status":"closed","template":"","meta":[],"_links":{"self":[{"href":"https:\/\/amphibiantails.fr\/index.php?rest_route=\/wp\/v2\/pages\/158"}],"collection":[{"href":"https:\/\/amphibiantails.fr\/index.php?rest_route=\/wp\/v2\/pages"}],"about":[{"href":"https:\/\/amphibiantails.fr\/index.php?rest_route=\/wp\/v2\/types\/page"}],"author":[{"embeddable":true,"href":"https:\/\/amphibiantails.fr\/index.php?rest_route=\/wp\/v2\/users\/1"}],"replies":[{"embeddable":true,"href":"https:\/\/amphibiantails.fr\/index.php?rest_route=%2Fwp%2Fv2%2Fcomments&post=158"}],"version-history":[{"count":13,"href":"https:\/\/amphibiantails.fr\/index.php?rest_route=\/wp\/v2\/pages\/158\/revisions"}],"predecessor-version":[{"id":470,"href":"https:\/\/amphibiantails.fr\/index.php?rest_route=\/wp\/v2\/pages\/158\/revisions\/470"}],"wp:attachment":[{"href":"https:\/\/amphibiantails.fr\/index.php?rest_route=%2Fwp%2Fv2%2Fmedia&parent=158"}],"curies":[{"name":"wp","href":"https:\/\/api.w.org\/{rel}","templated":true}]}}