{"id":19,"date":"2020-05-30T11:38:20","date_gmt":"2020-05-30T09:38:20","guid":{"rendered":"http:\/\/amphibiantails.fr\/?page_id=19"},"modified":"2025-07-12T23:37:42","modified_gmt":"2025-07-12T21:37:42","slug":"accueil","status":"publish","type":"page","link":"https:\/\/amphibiantails.fr\/","title":{"rendered":"Accueil"},"content":{"rendered":"\n<p>Ma passion pour le monde vivant a germ\u00e9 dans le jardin familial, o\u00f9 enfant, je passais mes \u00e9t\u00e9s \u00e0 observer et \u00e0 capturer de minuscules cr\u00e9atures. Des sauterelles aux rainettes, chaque rencontre nourrissait ma curiosit\u00e9 et mon \u00e9merveillement pour la biodiversit\u00e9.<\/p>\n\n\n\n<p>En 2013, une exp\u00e9rience d\u00e9terminante avec une ponte de rainettes sauv\u00e9es de notre piscine m&rsquo;a r\u00e9v\u00e9l\u00e9 la complexit\u00e9 et la fragilit\u00e9 de ces animaux. Cette aventure a \u00e9veill\u00e9 en moi une passion profonde pour les amphibiens. Puis, par la suite, elle s&rsquo;est pr\u00e9cis\u00e9e envers les urod\u00e8les, ces cr\u00e9atures fascinantes capables de se r\u00e9g\u00e9n\u00e9rer et pour certaines de rester sous forme larvaire toute leur vie.<\/p>\n\n\n\n<p>Mon parcours s&rsquo;est naturellement construit autour de cette curiosit\u00e9. Chaque observation, chaque \u00e9levage, chaque exploration de forum, chaque \u00e9chec et succ\u00e8s m&rsquo;a appris davantage sur les m\u00e9canismes subtils du vivant. La g\u00e9n\u00e9tique s&rsquo;est impos\u00e9e comme un langage pour comprendre ces myst\u00e8res, pour r\u00e9soudre les \u00e9nigmes du monde qui nous entoure, me guidant vers des \u00e9tudes qui me permettent aujourd&rsquo;hui de continuer \u00e0 explorer et \u00e0 comprendre.<\/p>\n\n\n\n<p>Ce site est n\u00e9 de cette passion : partager des connaissances et des observations originales qui n&rsquo;ont pas \u00e9t\u00e9 abord\u00e9es sur d&rsquo;autres sites sp\u00e9cialis\u00e9s et d\u00e9j\u00e0 bien document\u00e9s tel que <a href=\"https:\/\/www.axolotl-passion.net\/\">Axolotl-Passion<\/a>. Mon objectif est de proposer des informations uniques et in\u00e9dites.<\/p>\n","protected":false},"excerpt":{"rendered":"<p>Ma passion pour le monde vivant a germ\u00e9 dans le jardin familial, o\u00f9 enfant, je passais mes \u00e9t\u00e9s \u00e0 observer et \u00e0 capturer de minuscules cr\u00e9atures. Des sauterelles aux rainettes, chaque rencontre nourrissait ma curiosit\u00e9 et mon \u00e9merveillement pour la biodiversit\u00e9. En 2013, une exp\u00e9rience d\u00e9terminante avec une ponte de rainettes sauv\u00e9es de notre piscine [&hellip;]<\/p>\n","protected":false},"author":1,"featured_media":0,"parent":0,"menu_order":0,"comment_status":"closed","ping_status":"closed","template":"","meta":[],"_links":{"self":[{"href":"https:\/\/amphibiantails.fr\/index.php?rest_route=\/wp\/v2\/pages\/19"}],"collection":[{"href":"https:\/\/amphibiantails.fr\/index.php?rest_route=\/wp\/v2\/pages"}],"about":[{"href":"https:\/\/amphibiantails.fr\/index.php?rest_route=\/wp\/v2\/types\/page"}],"author":[{"embeddable":true,"href":"https:\/\/amphibiantails.fr\/index.php?rest_route=\/wp\/v2\/users\/1"}],"replies":[{"embeddable":true,"href":"https:\/\/amphibiantails.fr\/index.php?rest_route=%2Fwp%2Fv2%2Fcomments&post=19"}],"version-history":[{"count":14,"href":"https:\/\/amphibiantails.fr\/index.php?rest_route=\/wp\/v2\/pages\/19\/revisions"}],"predecessor-version":[{"id":580,"href":"https:\/\/amphibiantails.fr\/index.php?rest_route=\/wp\/v2\/pages\/19\/revisions\/580"}],"wp:attachment":[{"href":"https:\/\/amphibiantails.fr\/index.php?rest_route=%2Fwp%2Fv2%2Fmedia&parent=19"}],"curies":[{"name":"wp","href":"https:\/\/api.w.org\/{rel}","templated":true}]}}